 15 and k?
15
Let v(z) = z**3 - 8*z**2 + 10*z + 3. Let u be v(7). Suppose 13 = -2*o + 4*y + 37, 4*y - u = -o. Calculate the highest common factor of o and 16.
16
Suppose 5*j - 301 + 78 = -3*k, 0 = -j - 1. What is the highest common divisor of 342 and k?
38
Let r = 64 + -215. Let q = -34 - r. Calculate the highest common divisor of 13 and q.
13
Let p(a) = -21*a - 2. Let z be p(-2). Let f(w) = -27*w - 1. Let u be f(-2). Let o = u + -43. Calculate the highest common factor of z and o.
10
Suppose -6*s = -4*s - 38. Calculate the greatest common factor of s and 247.
19
Suppose 34 = -2*b + 5*c, 4*b + 3*c = -b - 116. Let q = -11 - b. Let g be 79/7 + 4/(-14). Calculate the greatest common factor of g and q.
11
Let r(n) = 5*n**2 - 3*n + 3. Let k be r(2). Suppose 25*u + 136 = -14. Let x = u + k. What is the greatest common factor of 11 and x?
11
Suppose -27*y = -21*y - 180. What is the highest common factor of 1770 and y?
30
Let w(b) = -27*b + 85. Let y be w(-5). What is the greatest common factor of 20 and y?
20
Let j = 16 + 32. Suppose 2*g = -0*g + 106. Suppose -4*t + g = -11. Calculate the highest common factor of t and j.
16
Let d(r) = r**3 + 11*r**2 + 13*r - 15. Let w be d(-9). Let h(o) = 19*o**2 - o + 1. Let v be h(2). Calculate the greatest common divisor of w and v.
15
Let s(t) = t**3 + 5*t**2 - t + 3. Suppose 15*r = 6*r - 45. Let c be s(r). What is the highest common divisor of c and 56?
8
Let f be (89 - 2)*(-2)/6. Let g = 38 + f. Calculate the highest common factor of g and 9.
9
Let u(l) = -l**3 - 4. Let q be u(-4). Suppose -d - q = -2*d. Suppose k + 64 = 4*h - 0*k, 2*h - 22 = -2*k. What is the greatest common factor of d and h?
15
Suppose 0 = -7*b + 481 + 317. Calculate the greatest common factor of b and 57.
57
Let s(m) = m**3 + 19*m**2 + 16*m - 38. Let r be s(-18). Let n be (-696)/r + (2 - 2). What is the greatest common divisor of n and 29?
29
Suppose 4*c + 1 = r + 8, 5*c + 4*r - 35 = 0. Let m = c + -22. Let z = m + 35. Calculate the highest common factor of z and 64.
16
Let x = 11 + -3. Suppose -12 = -4*o - 13*t + 9*t, 4*o - 17 = t. Calculate the highest common factor of x and o.
4
Let a(u) = 10 + 0 - 2 - u. Let j be (7/(-9) - -1) + 6424/(-396). Let o be a(j). Calculate the greatest common divisor of o and 12.
12
Let d be 10*12*(-300)/(-120). What is the highest common factor of d and 175?
25
Suppose 3*d - 2*q = 221, 3*q = -d + 80 + 12. Suppose -2*t + 101 = d. What is the highest common factor of t and 9?
3
Let r(w) be the first derivative of w**3/3 + 9*w**2/2 - 6*w + 1. Let u be r(-9). Let s be (-55)/u + (-8)/48. Calculate the greatest common factor of s and 63.
9
Let d(s) = -980*s**2 - s + 1. Let y be d(1). Let z = y + 1461. Suppose -4*q + 198 = 2*v, -2*q + z = 5*v + q. What is the highest common divisor of 19 and v?
19
Suppose 2 = 2*n, -4*o + 5*n + 72 = 21. Let d be ((-26)/42 + 4/o)*-42. What is the highest common factor of d and 7?
7
Suppose 3*u + 8 = 5. Let z be 99/(-3)*u/3. Suppose l - 493 = -5*c, -c + 77 = -l - 24. What is the greatest common factor of c and z?
11
Suppose 0 = 4*n - 676 - 356. Calculate the highest common divisor of 6 and n.
6
Let z = 53 + -44. Let k(i) = i - 24. Let c(w) = w - 25. Let b(a) = 3*c(a) - 4*k(a). Let g be b(z). What is the highest common divisor of g and 3?
3
Let w be (-8)/(-20) + 216/10. Let n(x) = -x**3 + 9*x**2 - 9*x + 11. Let r be n(5). What is the highest common factor of w and r?
22
Let a(f) = -8*f + 1. Let b be a(-1). Let c(z) = 3*z**2 - 25*z + 105. Let k be c(6). What is the highest common factor of k and b?
9
Let g = -40 + 43. Let c = 8 + 32. Let o be c/8 - (-1 + g). Calculate the greatest common divisor of 24 and o.
3
Let i(q) = -3*q + 1. Let p be i(-3). Suppose 0 = -2*s + c + 184, -s + 3*c = 7*c - 83. Let y = s - 41. What is the highest common factor of y and p?
10
Let m be (-6)/5 - (-1758)/15. What is the highest common factor of 4 and m?
4
Let a = 634 - 582. What is the highest common divisor of a and 48?
4
Suppose 73 = x + 3*w - 2, 245 = 3*x - w. What is the greatest common factor of x and 3?
3
Suppose -4*z + 20 = z. Let i be 5/(183/45 - z). Calculate the highest common factor of i and 15.
15
Let x be 0 + 13 + -25 + 20. Calculate the greatest common factor of 776 and x.
8
Let x be (326 + -1)*(12/20 - 0). What is the highest common divisor of x and 15?
15
Let d(k) = -k**2 - 3. Let t be d(-3). Let x be (1 - 29/(-6)) + (-2)/t. What is the highest common factor of x and 30?
6
Let o be (-8)/(-4) - 10 - -464. Calculate the greatest common factor of 48 and o.
24
Suppose 5*c - 3*c - 24 = 4*z, 0 = c - z - 9. Let i be (0 - 2)*-1 - c. Let q = i + 6. What is the highest common factor of q and 10?
2
Let k be 15*(0 + 12/(-9)). Let w be ((-1174)/(-8))/((-5)/k). Suppose -i - 593 = -5*i - 5*o, o + w = 4*i. What is the highest common factor of i and 21?
21
Let g(t) = -t**2 + 11*t + 6. Let y(w) = -w**2 + 1. Let d be y(5). Let u = -16 - d. Let b be g(u). Calculate the greatest common divisor of 15 and b.
15
Let o(u) = u**2 + 8*u - 143. Let k be o(13). What is the highest common divisor of k and 20?
10
Suppose -756 = -35*l - 19*l. Calculate the greatest common factor of l and 896.
14
Suppose -7 + 13 = u. Suppose 2*l - 104 = -u*l. Calculate the greatest common divisor of l and 39.
13
Let w be 10/35 - 1998/(-14). Let d = w - 105. Calculate the highest common divisor of d and 95.
19
Suppose -552 = -2*j - 4*r, -3*j + 3*r = 70 - 925. Calculate the greatest common divisor of 12 and j.
6
Let x = 29 + -14. Suppose 0 = -l - 5*r - x, -3*r - 22 = -0*l - 2*l. What is the highest common divisor of l and 35?
5
Suppose -3*x + 3*n = -x - 181, -20 = -4*n. Calculate the highest common divisor of x and 539.
49
Suppose -3*c = 9 + 24. Suppose 3*n + 3*q = 2*q + 96, -4*q - 112 = -4*n. Let d = c + n. Calculate the greatest common factor of 30 and d.
10
Let n be (-1)/1 + (-1 - -2) + -1. Let v(w) = -3*w**3 - w. Let q be v(n). What is the greatest common factor of q and 3?
1
Let m(i) = 12*i - 2. Let z be m(-7). Let d = z - -122. Calculate the greatest common divisor of d and 24.
12
Let b be (31 - 1)*(-14)/(-6). Calculate the greatest common factor of b and 160.
10
Suppose -4*r - 4 - 5 = -3*d, 2*d - 6 = 2*r. Suppose r*c - 2*c = -32. Calculate the greatest common divisor of 112 and c.
16
Let l = 30 - 33. Let j be -33*(l - (-7)/3). What is the highest common factor of j and 2?
2
Suppose -2*j + 4*w + 4 = -150, -5*w = 4*j - 308. Suppose 41 = 3*t + 4*g, -4*t + 36 = -8*g + 4*g. What is the greatest common divisor of t and j?
11
Let a be (8/(-10))/((-2)/15). Let q be (-713)/(-5) - a/(-15). Suppose 4 = -4*n, 35*n - 34*n = -4*s + 51. What is the greatest common divisor of q and s?
13
Let j = -496 + 505. What is the greatest common factor of 36 and j?
9
Let n = 22 + 20. Suppose 0 = -5*r + 2*a + n, 4*a = -0*r - 4*r + 28. Calculate the highest common factor of r and 24.
8
Suppose 14*k - 741 = 11*k + 5*u, 4*k + 3*u = 1017. What is the greatest common divisor of k and 210?
42
Suppose 15*m + 17 = 16*m. What is the greatest common factor of m and 153?
17
Suppose 38*o = 33*o + 55. What is the greatest common divisor of 341 and o?
11
Let d = 331 + -271. What is the highest common divisor of 50 and d?
10
Suppose 2*j - 4*j = 0. Suppose -4*b + 3*g = -11, j = 2*b + 2*g - 4*g - 4. Suppose b*r - 26 = 29. Calculate the greatest common divisor of r and 1.
1
Suppose -4 = 30*d - 29*d. Let p be ((d - -1) + 2)*-15. Calculate the highest common factor of p and 30.
15
Suppose -4*c + 13 = -b, 2*c - 3*c - 8 = -4*b. Suppose 0*f + 2*s - 186 = -2*f, 0 = -c*s + 8. What is the highest common factor of f and 13?
13
Suppose -3*x = 4*x - 238. Suppose 0 = 5*r + 3*i - 170, -2*i - 102 = -2*r - r. Let u = 102 - r. Calculate the greatest common divisor of u and x.
34
Let w = 3153 - 3151. Suppose 0 = -3*r + p + 136, 5*r + 10*p - 240 = 5*p. Calculate the greatest common divisor of w and r.
2
Let j be -14 + (-9)/6*2. Let h = 21 + j. Suppose 0 = 3*g - 4*g + h. What is the highest common divisor of g and 12?
4
Suppose 2*x + 10 = 0, 5*c - 3*x = 2*x + 65. What is the greatest common divisor of c and 128?
8
Let k = -38 - -42. Suppose -y = 3*j - 54, k = -3*j + 13. Calculate the greatest common divisor of y and 9.
9
Let g = -113 - -115. Calculate the highest common factor of 10 and g.
2
Le